*p - 2 = 0, 0*y = -2*y + 2*p. Let h(k) = k**2 - 2*k**2 + 9*k**3 + k + 2*k**2. Give h(y).
-9
Let s = 46 + -30. Let h = 22 - s. Let w(z) = z**3 - 6*z**2 + z - 3. Calculate w(h).
3
Let s = 11 + -7. Let u(n) = -s*n + 3*n**2 - 2*n**2 - n. Calculate u(4).
-4
Let k(u) = -u**2 + 3*u**2 - 6 + 3*u - u**2. Let v be 3/(-7) + (-512)/112. Calculate k(v).
4
Suppose -4*t - 4 = -8. Let l be 1/(((-5)/2)/(-5)). Suppose t = 3*x - l. Let h(q) = 13*q**3 + q - 1. What is h(x)?
13
Let q = -2 + 5. Let z(s) = -17 + 4*s - 18 + 33. Determine z(q).
10
Let l be (0 - -7) + -1 - 1. Suppose w = l*w, 4 = 4*b - 3*w. Let s(t) = -1 + t - 4*t + 0*t. What is s(b)?
-4
Let p(k) = k**2 + 4*k - 1. Suppose -2*d + 38 = -4*d. Let z = -22 - d. What is p(z)?
-4
Suppose -4*o + 4*t = 8, -t = 5*o + 7 - 3. Suppose 0 = 6*h - 8*h + 4. Let p(w) = 3*w - 4*w**3 + 4*w**3 - 4*w - 2*w**3 - 2*w**h. What is p(o)?
1
Let a(q) = -q + 1. Let o(h) = 3. Let f(l) = a(l) - o(l). Calculate f(-4).
2
Suppose -3*q = -y + 6, -2*y + 0*q = 4*q - 12. Let d = y - 4. Let c(z) = -3 - 2*z**2 + 0*z + 2*z**3 + 2*z + 0*z**d. Calculate c(2).
9
Let v(r) = 1 - r**3 - 16*r**2 + 9*r**2 - 5 + r - 6*r. Determine v(-6).
-10
Suppose 3*z + 3*w = 51, 0 = w + 2 + 1. Suppose -3*g = -4*a - 16, g = 3*g + 5*a + z. Let f(c) = 10 - 5 - 2*c + g*c + c. Calculate f(5).
0
Let u(h) be the second derivative of -1/6*h**3 + 5*h + 0 + 6*h**2. What is u(6)?
6
Let u(r) = 5*r + 9*r**2 + 0*r - 10*r**2 + 5. Calculate u(5).
5
Let d(g) be the first derivative of -1/24*g**5 + 0*g + 2 + 0*g**2 - g**3 - 1/8*g**4 - 1/360*g**6. Let p(v) be the third derivative of d(v). Calculate p(-5).
-3
Let t(c) = 5*c**2. Let x be t(1). Let z(u) = -u**2 + 5*u + 3. Let d be z(5). Let o(w) = -7 + 5*w**2 + 5*w + w**2 - w**d - 2*w**2. Calculate o(x).
-7
Let q = -63 + 73. Let m(y) = -y**2 + 9*y + 5. What is m(q)?
-5
Let j(k) = 2*k - 3. Let f = 9 - 4. Determine j(f).
7
Let c(b) be the first derivative of 3*b - 3 - 1/2*b**2. Determine c(0).
3
Suppose 3*v - v + 8 = 0. Let p(x) be the second derivative of x**5/20 + x**4/4 - 5*x**3/6 + x**2/2 - x. Give p(v).
5
Let h(a) = a + 4. Suppose 2*t - 40 = 4*s, 0*t - 46 = 4*s + t. Calculate h(s).
-7
Suppose 2*v - 5 = -17. Let l(r) = -r + r + 9 + r. Let n(b) = 2*b + 18. Let c(w) = 7*l(w) - 4*n(w). What is c(v)?
-3
Suppose 5*m - 5*v - 25 = 0, -4*v = 4*m - m - 1. Let s(j) = -4*j**m - 2*j**2 + 5*j**3 + 1 + j + j**2. Determine s(2).
7
Let r = -4 + 6. Suppose q - r*q = -3. Let p(m) be the third derivative of -m**6/120 + m**5/60 + m**4/6 - m**3/3 - m**2. Give p(q).
-8
Let q(y) = 2 - 3*y + 3*y**2 - 3*y**2 + y**2 + 0*y. Determine q(2).
0
Let v(g) = g. Suppose 0 = 4*o + y + 28, -5*o - 41 = 2*y - 6. What is v(o)?
-7
Suppose 0*r + 4*r = 4. Let g(u) be the first derivative of 0 - 2*u - 2 - u**2 - u + 2*u. Determine g(r).
-3
Let u(c) = 5*c - c + 2 - 5*c. Suppose -r + 3 = -5*r + 3*d, -5*d = r - 5. Suppose r*v = -5*v - 25. Calculate u(v).
7
Let l(i) = i**2 - 6*i + 2. Let b be 4 + -3 - (1 - 0). Let y = b + 6. Give l(y).
2
Let d(x) be the third derivative of x**5/60 - 7*x**4/24 + 4*x**3/3 - 20*x**2. Give d(7).
8
Let k(s) = s**2 + 7*s + 7. Suppose 2*p - 21 - 1 = -2*o, -29 = -4*p + o. Let i(l) = l**3 + 2*l**2 + l - 2. Let q be i(-3). Let z = p + q. Give k(z).
1
Let h(u) = u**2 - 2*u - 2. Let d = -1 - -7. Let z be 2/d + (-115)/(-15). Suppose -3*i + z = j, i - 5*i + 10 = 2*j. What is h(i)?
1
Let j be (-1 - 0)*(-3)/1. Let n(h) = -4*h - 4*h**3 + 6*h + 4 + 5*h**j + 4*h**2. Calculate n(-4).
-4
Let b(x) = -2*x + 2. Let p be (1 + -1)/(2 - 4). Suppose m - 4 = -p*m. Suppose 0 = m*h - 0 + 8. Determine b(h).
6
Let s(b) = -b - 1. Let d(z) be the first derivative of -z**4/4 + 2*z**3 + 7*z**2/2 - 3*z - 4. Let f be d(7). What is s(f)?
2
Let v(m) = -2*m**2 + 5*m - 2. Let u(w) = -w - 3. Let k be u(-4). Let a be 1 + (k - 4/(-2)). Suppose 2*t - 2*s - 9 = s, 2*t - 2 = -a*s. Determine v(t).
-5
Let d(m) = 19 - 11 - m**2 + 2 - 5*m. What is d(-7)?
-4
Let j(m) = 8*m**3 + m. Let i be ((-18)/(-4))/(-3)*-2. Suppose 5*h - i = 2*h. Determine j(h).
9
Let c(w) = 2*w. Let s(g) be the second derivative of g**5/4 - g**4/12 + g**3/6 - g. Let o be s(1). Let y(a) = 4*a + 1. Let h(f) = o*c(f) - 3*y(f). Give h(-3).
3
Let q(x) = x**2 - x. Let l(u) = 7*u**2 - 6*u - 7. Let j = 15 + -14. Let t(z) = j*l(z) - 6*q(z). Calculate t(0).
-7
Let d = -7 - -13. Let f be (-3 - -2)/(2/d). Let q(v) = 1 - 2 - 3 - 3*v + 0. What is q(f)?
5
Let j(a) = a**2 + a + 1. Suppose -2*b - w + 0*w - 2 = 0, -5*w + 10 = 0. Let x be j(b). Let i(n) = -x - 2 - 2 + 6 + n. Determine i(-2).
-3
Let q(g) = -2*g**2 - 3*g + 2. Let y be q(2). Let x be y/16 + (-46)/(-8). Let u(v) = -v**2 + 2*v + 7. Determine u(x).
-8
Let c(z) = -7*z**2 - 2*z + 1. Let s(m) = -6*m**2 - m + 2. Let o(a) = -2*c(a) + 3*s(a). Let x(q) be the first derivative of o(q). Give x(1).
-7
Let i(b) be the second derivative of -b**4/4 + 2*b**3/3 + b**2 - 46*b. Determine i(4).
-30
Let d(i) be the third derivative of i**4/24 + i**3/6 - 17*i**2. Suppose -2*b = -4*b. Give d(b).
1
Let l(r) = r**3 + r**2 - r + 2. Let b be l(-2). Let m(v) = -2*v + 4 + 0*v + v**2 + v. Calculate m(b).
4
Let f(l) = 25 - 19 - 2*l - l. Calculate f(5).
-9
Let d(y) = 4*y + 1. Let u(i) = -4*i - 2. Let k(v) = 3*d(v) + 4*u(v). Calculate k(-5).
15
Let t(f) = -10*f**3 - 2*f**2 - 2*f - 1. Let w = -8 - -2. Let k = w + 5. Calculate t(k).
9
Let v(k) = k**2 - 4. Let w be v(3). Suppose 4*n = 3*n + w. Let l(g) be the second derivative of g**4/12 - 2*g**3/3 - g**2/2 - 3*g. Calculate l(n).
4
Suppose -15 = 5*u - m - 2, -13 = -u - 5*m. Let g(j) = -j**2 + 2*j. Give g(u).
-8
Let f(m) = -m + 4. Suppose 3*o - 18 = p, 3*p - 2*p + 5*o = 22. Give f(p).
7
Let i(o) = o - 3*o**3 + 0*o**3 + 2*o**3 + 4 + 3*o**2. Let f(v) = 2*v. Let m(s) = s - 1. Let x(l) = 2*f(l) - 3*m(l). Let h be x(0). Give i(h).
7
Let s(d) = -120*d**2 - d**3 - 4*d**3 + d + 120*d**2. Let n(r) be the third derivative of -r**6/120 - r**5/60 + r**3/6 - 2*r**2. Let w be n(-1). What is s(w)?
-4
Let u be 5*(0 + 4)/4. Let g(t) be the first derivative of 5/2*t**2 + 1 + 1/3*t**3 - u*t. Determine g(-6).
1
Let h(z) = 4*z - 6. Let o(b) = 4*b - 5. Let f(y) = 4*h(y) - 5*o(y). Give f(2).
-7
Let x(n) = -n**3 - 2*n**2 + 7*n + 6. Let l be x(-4). Suppose h = -h + l. Let d(w) = w**2 - 3*w - 2. What is d(h)?
8
Suppose -35 = -4*r + 2*r + w, -5 = -r + 3*w. Suppose -5*o - r = -0*o. Let y(h) = h**2 + 4 + 3*h - 3*h - 2 + 6*h. What is y(o)?
-6
Let i(g) = -g**3 - 5*g**2 - 7*g - 5. Suppose 2*s - 3*s + 5 = 3*b, -5*b = -15. Determine i(s).
7
Let c be -2 + -1 + -1 + 0. Suppose -5*f + 5 = -4*y, y + 5 = 2*f - 0. Let n(m) = y + m**3 - 3 + 5*m + 5*m**2 + 1. Calculate n(c).
-1
Let h(t) = -2*t**3 + 3*t**2. Let j(y) = y - 10. Let o be j(6). Let p be (-1)/o + (-21)/(-12). Suppose 4 = p*v - 0*v. What is h(v)?
-4
Suppose 4*l + 0 = 20. Let x(c) be the second derivative of -1/2*c**4 + 0 - 3/2*c**2 + c - 1/20*c**l - 7/6*c**3. What is x(-5)?
7
Let h(m) = 2*m**2 - 21*m - 23. Let z(q) = -q**2 + 11*q + 12. Let g(b) = -4*h(b) - 7*z(b). What is g(6)?
14
Let n(m) = -m**3 - 7*m**2 + 11*m + 3. Let i be n(-9). Let d = i - 43. Suppose 3*a + 2*a = 5, -d = 4*t - 3*a. Let z(l) = -l**2 - 7*l - 5. Determine z(t).
5
Let y(r) = -r**2 - r + 1. Let i = 39 - 40. Give y(i).
1
Let y(s) = s + 9. Suppose -10 = -5*r, 13*w - 8*w - r - 33 = 0. Determine y(w).
16
Let t = -2 - -4. Let b(x) = -t*x - 1 + 2 - 2 - 2. Give b(-2).
1
Suppose -3*d = 2*d + 55. Let a = d + 7. Let k(n) = n. Let f(w) = w**3 + 4*w**2 + 5*w + 1. Let j(u) = -f(u) + 5*k(u). Calculate j(a).
-1
Let l(g) = -g + 5. Let u be 209/(-77) + (-4)/14. Let i = u - -7. Calculate l(i).
1
Let m(x) = -2*x - 9. Let y(u) = u + 4. Let d(z) = 4*m(z) + 9*y(z). What is d(-3)?
-3
Let m(d) = -d - 5. Suppose -5*z = -4*c - 0 + 31, -2*z + 10 = 4*c. Let v = -12 + c. Let q be m(v). Let t(y) = y**3 - 3*y**2 + 3. What is t(q)?
3
Let d(n) = n**2 + 3*n - 3. Suppose -3 = 2*r + 5. What is d(r)?
1
Suppose -u = -0*u - 5. Suppose 0 = u*w + 5*x + 10, -4*x + 0*x - 2 = w. Let i(r) = -2*r**3 + 4*r + 3. Determine i(w).
11
Let c(a) = -2*a**2 + 2*a - 1. Let u be (-2 + -1)/(6/(-4)). Suppose 2*m = 2*f, -3*m + 5*m = -u*f + 4. Let t(o) = -o**2 - o. Let i(x) = m*t(x) - c(x). Give i(4).
5
Let h(w) = 0*w + 0*w - 2*w + w. Determine h(-6).
6
Let m(s) = 1 + 919*s + 5*s**2 + s**3 - 923*s - 2*s**3. What is m(3)?
7
Let r(q) = -6*q**2